nds digit of 1507?
1
What is the hundreds digit of 24350?
3
What is the units digit of 28186?
6
What is the units digit of 12192?
2
What is the units digit of 791?
1
What is the units digit of 127?
7
What is the thousands digit of 1418?
1
What is the thousands digit of 1457?
1
What is the hundreds digit of 53808?
8
What is the thousands digit of 4128?
4
What is the thousands digit of 1145?
1
What is the ten thousands digit of 46593?
4
What is the ten thousands digit of 17914?
1
What is the thousands digit of 22633?
2
What is the hundreds digit of 891?
8
What is the ten thousands digit of 66994?
6
What is the tens digit of 3538?
3
What is the ten thousands digit of 36468?
3
What is the units digit of 12?
2
What is the units digit of 1878?
8
What is the thousands digit of 1897?
1
What is the tens digit of 8235?
3
What is the units digit of 4087?
7
What is the hundreds digit of 670?
6
What is the ten thousands digit of 26169?
2
What is the units digit of 29353?
3
What is the hundreds digit of 14781?
7
What is the ten thousands digit of 96340?
9
What is the units digit of 6726?
6
What is the tens digit of 28092?
9
What is the thousands digit of 5023?
5
What is the tens digit of 2741?
4
What is the units digit of 65104?
4
What is the tens digit of 28415?
1
What is the units digit of 7?
7
What is the units digit of 3112?
2
What is the units digit of 11777?
7
What is the units digit of 57334?
4
What is the thousands digit of 1338?
1
What is the ten thousands digit of 56593?
5
What is the thousands digit of 3099?
3
What is the tens digit of 10427?
2
What is the tens digit of 982?
8
What is the tens digit of 4468?
6
What is the hundreds digit of 17422?
4
What is the tens digit of 288?
8
What is the tens digit of 27340?
4
What is the units digit of 695?
5
What is the thousands digit of 3526?
3
What is the units digit of 7965?
5
What is the ten thousands digit of 54430?
5
What is the hundreds digit of 868?
8
What is the hundreds digit of 870?
8
What is the hundreds digit of 26616?
6
What is the tens digit of 1695?
9
What is the hundreds digit of 517?
5
What is the ten thousands digit of 74307?
7
What is the tens digit of 4937?
3
What is the hundreds digit of 965?
9
What is the tens digit of 88419?
1
What is the hundreds digit of 3103?
1
What is the ten thousands digit of 40417?
4
What is the hundreds digit of 53631?
6
What is the units digit of 3809?
9
What is the thousands digit of 12566?
2
What is the ten thousands digit of 43689?
4
What is the tens digit of 61051?
5
What is the hundreds digit of 2728?
7
What is the thousands digit of 29946?
9
What is the thousands digit of 7553?
7
What is the thousands digit of 72221?
2
What is the ten thousands digit of 12144?
1
What is the tens digit of 500?
0
What is the thousands digit of 9943?
9
What is the units digit of 180403?
3
What is the tens digit of 924?
2
What is the units digit of 164706?
6
What is the tens digit of 384?
8
What is the units digit of 2237?
7
What is the tens digit of 566?
6
What is the thousands digit of 2077?
2
What is the tens digit of 21491?
9
What is the tens digit of 3093?
9
What is the thousands digit of 1465?
1
What is the thousands digit of 86672?
6
What is the hundreds digit of 33191?
1
What is the ten thousands digit of 25280?
2
What is the thousands digit of 58899?
8
What is the ten thousands digit of 54242?
5
What is the units digit of 930?
0
What is the ten thousands digit of 12852?
1
What is the hundreds digit of 702?
7
What is the units digit of 1395?
5
What is the hundreds digit of 5342?
3
What is the units digit of 10287?
7
What is the hundreds digit of 3985?
9
What is the thousands digit of 67718?
7
What is the hundreds digit of 1411?
4
What is the hundreds digit of 5046?
0
What is the ten thousands digit of 50236?
5
What is the thousands digit of 11461?
1
What is the units digit of 779?
9
What is the thousands digit of 17107?
7
What is the hundreds digit of 1902?
9
What is the units digit of 23741?
1
What is the hundreds digit of 7558?
5
What is the tens digit of 4972?
7
What is the tens digit of 5263?
6
What is the tens digit of 401?
0
What is the units digit of 2801?
1
What is the ten thousands digit of 116285?
1
What is the units digit of 67?
7
What is the units digit of 1196?
6
What is the tens digit of 10177?
7
What is the tens digit of 64281?
8
What is the hundreds digit of 6778?
7
What is the tens digit of 17982?
8
What is the hundreds digit of 847?
8
What is the thousands digit of 41882?
1
What is the hundreds digit of 1045?
0
What is the hundreds digit of 173981?
9
What is the ten thousands digit of 44949?
4
What is the hundreds digit of 45613?
6
What is the thousands digit of 71877?
1
What is the units digit of 1091?
1
What is the hundreds digit of 137309?
3
What is the thousands digit of 1778?
1
What is the tens digit of 4174?
7
What is the units digit of 23431?
1
What is the hundreds digit of 41157?
1
What is the hundreds digit of 1905?
9
What is the hundreds digit of 145669?
6
What is the units digit of 650?
0
What is the units digit of 297?
7
What is the thousands digit of 1563?
1
What is the thousands digit of 1557?
1
What is the units digit of 1908?
8
What is the tens digit of 941?
4
What is the tens digit of 34913?
1
What is the units digit of 2052?
2
What is the thousands digit of 1298?
1
What is the hundreds digit of 1002?
0
What is the tens digit of 729?
2
What is the units digit of 2170?
0
What is the hundreds digit of 131434?
4
What is the units digit of 737?
7
What is the hundreds digit of 1177?
1
What is the units digit of 14877?
7
What is the hundreds digit of 330?
3
What is the ten thousands digit of 36559?
3
What is the thousands digit of 8402?
8
What is the hundreds digit of 3139?
1
What is the hundreds digit of 722?
7
What is the thousands digit of 41820?
1
What is the tens digit of 467?
6
What is the tens digit of 18?
1
What is the units digit of 1766?
6
What is the thousands digit of 5434?
5
What is the tens digit of 9585?
8
What is the hundreds digit of 36786?
7
What is the tens digit of 9222?
2
What is the tens digit of 2617?
1
What is the units digit of 2882?
2
What is the thousands digit of 2341?
2
What is the thousands digit of 1322?
1
What is the hundreds digit of 3533?
5
What is the tens digit of 1056?
5
What is the thousands digit of 4122?
4
What is the tens digit of 13925?
2
What is the tens digit of 557?
5
What is the units digit of 720?
0
What is the units digit of 1267?
7
What is the tens digit of 11?
1
What is the thousands digit of 1601?
1
What is the units digit of 137276?
6
What is the thousands digit of 1658?
1
What is the ten thousands digit of 13765?
1
What is the tens digit of 404?
0
What is the units digit of 67436?
6
What is the hundreds digit of 497?
4
What is the units digit of 15405?
5
What is the units digit of 7400?
0
What is the thousands digit of 4412?
4
What is the hundreds digit of 9424?
4
What is the units digit of 211?
1
What is the thousands digit of 5289?
5
What is the tens digit of 2288?
8
What is the hundreds digit of 29202?
2
What is the tens digit of 1031?
3
What is the hundreds digit of 618?
6
What is the ten thousands digit of 13062?
1
What is the thousands digit of 4600?
4
What is the thousands digit of 10988?
0
What is the thousands digit of 11373?
1
What is the units digit of 16619?
9
What is the ten thousands digit of 68450?
6
What is the tens digit of 23?
2
What is the tens digit of 34428?
2
What is the hundreds digit of 1791?
7
What is the units digit of 725?
5
What is the thousands digit of 9091?
9
What is the units digit of 12549?
9
What is the thousands digit of 5179?
5
What is the tens digit of 58461?
6
What is the thousands digit of 2763?
2
What is the units digit of 1869?
9
What is the hundreds digit of 58730?
7
What is the units digit of 4163?
3
What is the tens digit of 4190?
9
What is the tens digit of 1144?
4
What is the units digit of 2405?
5
What is the thousands digit of 12421?
2
What is the hundreds digit of 1724?
7
What is the ten thousands digit of 19597?
1
What is the thousands digit of 3604?
3
What is the tens digit of 5483?
8
What is the hundreds digit of 1295?
2
What is the ten thousands digit of 12998?
1
What is the units digit of 1057?
7
What is the units digit of 1